divided by 17.
14
Calculate the remainder when 72782 is divided by 143.
138
What is the remainder when 3720 is divided by 417?
384
Calculate the remainder when 5363999 is divided by 745.
744
Calculate the remainder when 91887 is divided by 45.
42
Calculate the remainder when 108016 is divided by 908.
872
What is the remainder when 7703 is divided by 628?
167
Calculate the remainder when 973 is divided by 181.
68
Calculate the remainder when 47030 is divided by 50.
30
Calculate the remainder when 437055 is divided by 820.
815
What is the remainder when 44341 is divided by 4429?
51
What is the remainder when 37622 is divided by 4690?
102
What is the remainder when 446 is divided by 118?
92
What is the remainder when 5551 is divided by 1847?
10
Calculate the remainder when 102485 is divided by 20495.
10
What is the remainder when 4113 is divided by 93?
21
Calculate the remainder when 3423 is divided by 15.
3
What is the remainder when 83505 is divided by 739?
737
What is the remainder when 2073 is divided by 174?
159
What is the remainder when 13657 is divided by 29?
27
Calculate the remainder when 419921 is divided by 89.
19
What is the remainder when 29394 is divided by 2099?
8
Calculate the remainder when 1080 is divided by 452.
176
Calculate the remainder when 2210 is divided by 203.
180
What is the remainder when 9721 is divided by 7?
5
Calculate the remainder when 496 is divided by 287.
209
What is the remainder when 4848 is divided by 284?
20
Calculate the remainder when 12250 is divided by 4060.
70
What is the remainder when 2519 is divided by 209?
11
Calculate the remainder when 18348 is divided by 9159.
30
Calculate the remainder when 27867 is divided by 47.
43
What is the remainder when 6055 is divided by 53?
13
What is the remainder when 9129 is divided by 14?
1
What is the remainder when 487 is divided by 256?
231
Calculate the remainder when 30614 is divided by 785.
784
What is the remainder when 48987 is divided by 355?
352
What is the remainder when 429 is divided by 97?
41
Calculate the remainder when 5335 is divided by 5318.
17
Calculate the remainder when 32289 is divided by 359.
338
What is the remainder when 413445 is divided by 23?
20
Calculate the remainder when 42188 is divided by 566.
304
What is the remainder when 152 is divided by 23?
14
What is the remainder when 494 is divided by 109?
58
Calculate the remainder when 1777 is divided by 1315.
462
Calculate the remainder when 8146 is divided by 49.
12
What is the remainder when 732 is divided by 50?
32
What is the remainder when 1963184 is divided by 245?
244
Calculate the remainder when 58361 is divided by 256.
249
Calculate the remainder when 10685 is divided by 204.
77
What is the remainder when 51797 is divided by 280?
277
Calculate the remainder when 5177 is divided by 37.
34
What is the remainder when 205597 is divided by 24?
13
What is the remainder when 255034 is divided by 10?
4
Calculate the remainder when 2207 is divided by 169.
10
What is the remainder when 1499 is divided by 9?
5
Calculate the remainder when 1352929 is divided by 10.
9
Calculate the remainder when 322111 is divided by 43.
41
What is the remainder when 43285 is divided by 249?
208
Calculate the remainder when 7082 is divided by 373.
368
What is the remainder when 392338 is divided by 78?
76
What is the remainder when 9695 is divided by 1364?
147
What is the remainder when 1351 is divided by 204?
127
Calculate the remainder when 2562 is divided by 144.
114
What is the remainder when 4753 is divided by 188?
53
What is the remainder when 12726 is divided by 177?
159
What is the remainder when 2796 is divided by 639?
240
Calculate the remainder when 52465 is divided by 3273.
97
What is the remainder when 308921 is divided by 166?
161
Calculate the remainder when 587150 is divided by 31.
10
Calculate the remainder when 4599 is divided by 70.
49
What is the remainder when 26982 is divided by 112?
102
What is the remainder when 18805 is divided by 392?
381
What is the remainder when 94393 is divided by 31?
29
What is the remainder when 680133 is divided by 60?
33
What is the remainder when 91058 is divided by 44?
22
Calculate the remainder when 60817 is divided by 3378.
13
What is the remainder when 41210 is divided by 145?
30
What is the remainder when 183214 is divided by 4?
2
What is the remainder when 6902271 is divided by 488?
487
Calculate the remainder when 77219 is divided by 197.
192
Calculate the remainder when 550154 is divided by 29.
24
Calculate the remainder when 29335 is divided by 38.
37
Calculate the remainder when 7955 is divided by 3843.
269
Calculate the remainder when 4019 is divided by 378.
239
What is the remainder when 3478 is divided by 59?
56
What is the remainder when 133156 is divided by 123?
70
What is the remainder when 934 is divided by 183?
19
Calculate the remainder when 16381 is divided by 8135.
111
What is the remainder when 4700 is divided by 1555?
35
Calculate the remainder when 39138 is divided by 233.
227
What is the remainder when 16982 is divided by 269?
35
What is the remainder when 2345241 is divided by 978?
975
Calculate the remainder when 2494 is divided by 3.
1
What is the remainder when 7333 is divided by 287?
158
Calculate the remainder when 79975 is divided by 6664.
7
Calculate the remainder when 149907 is divided by 2776.
3
What is the remainder when 16025 is divided by 39?
35
Calculate the remainder when 108988 is divided by 161.
152
What is the remainder when 149855 is divided by 277?
275
Calculate the remainder when 434356 is divided by 9.
7
Calculate the remainder when 24103 is divided by 829.
62
Calculate the remainder when 19600 is divided by 2405.
360
Calculate the remainder when 3072 is divided by 2433.
639
What is the remainder when 52203 is divided by 2088?
3
What is the remainder when 2003 is divided by 987?
29
Calculate the remainder when 757628 is divided by 64.
60
Calculate the remainder when 6514 is divided by 282.
28
What is the remainder when 196588 is divided by 29?
26
Calculate the remainder when 7999 is divided by 86.
1
Calculate the remainder when 4733 is divided by 64.
61
What is the remainder when 128566 is divided by 16?
6
Calculate the remainder when 27860 is divided by 9277.
29
Calculate the remainder when 15550 is divided by 4589.
1783
What is the remainder when 1077593 is divided by 92?
89
What is the remainder when 16419 is divided by 108?
3
Calculate the remainder when 148282 is divided by 1324.
1318
Calculate the remainder when 1021305 is divided by 23.
13
Calculate the remainder when 203 is divided by 37.
18
Calculate the remainder when 2653083 is divided by 16.
11
What is the remainder when 13082 is divided by 6389?
304
What is the remainder when 39647 is divided by 6606?
11
What is the remainder when 189797 is divided by 50?
47
Calculate the remainder when 13102 is divided by 83.
71
Calculate the remainder when 44837 is divided by 8949.
92
Calculate the remainder when 171050 is divided by 433.
15
What is the remainder when 326008 is divided by 52?
20
Calculate the remainder when 7777 is divided by 215.
37
What is the remainder when 9950 is divided by 3282?
104
What is the remainder when 21601 is divided by 866?
817
What is the remainder when 879 is divided by 301?
277
What is the remainder when 70111 is divided by 16?
15
Calculate the remainder when 24620 is divided by 535.
10
What is the remainder when 51749 is divided by 101?
37
Calculate the remainder when 385165 is divided by 152.
149
Calculate the remainder when 5450 is divided by 15.
5
Calculate the remainder when 3711 is divided by 116.
115
What is the remainder when 5718 is divided by 438?
24
What is the remainder when 203034 is divided by 846?
840
Calculate the remainder when 6820 is divided by 7.
2
What is the remainder when 45785 is divided by 683?
24
Calculate the remainder when 65174 is divided by 1916.
30
What is the remainder when 2367 is divided by 735?
162
What is the remainder when 4567 is divided by 156?
43
What is the remainder when 322529 is divided by 195?
194
What is the remainder when 18095 is divided by 1642?
33
What is the remainder when 86070 is divided by 28?
26
Calculate the remainder when 97326 is divided by 31.
17
Calculate the rem